remainder when 2399 is divided by 752.
143
Calculate the remainder when 498009 is divided by 63.
57
What is the remainder when 49077 is divided by 9789?
132
What is the remainder when 2783 is divided by 75?
8
Calculate the remainder when 410 is divided by 196.
18
What is the remainder when 20109 is divided by 171?
102
What is the remainder when 272217 is divided by 137?
135
Calculate the remainder when 72576 is divided by 4.
0
Calculate the remainder when 39003 is divided by 19499.
5
Calculate the remainder when 26300 is divided by 26273.
27
Calculate the remainder when 6778 is divided by 380.
318
What is the remainder when 8345 is divided by 841?
776
Calculate the remainder when 392280 is divided by 906.
888
What is the remainder when 10759 is divided by 5324?
111
Calculate the remainder when 8572 is divided by 128.
124
What is the remainder when 8812 is divided by 8?
4
What is the remainder when 35407 is divided by 11794?
25
Calculate the remainder when 38753 is divided by 202.
171
What is the remainder when 45238 is divided by 861?
466
What is the remainder when 2330855 is divided by 9?
8
What is the remainder when 52707 is divided by 159?
78
Calculate the remainder when 60547 is divided by 566.
551
Calculate the remainder when 22137 is divided by 5.
2
What is the remainder when 23211 is divided by 100?
11
Calculate the remainder when 4092 is divided by 4082.
10
Calculate the remainder when 9271 is divided by 42.
31
What is the remainder when 7225 is divided by 59?
27
Calculate the remainder when 195919 is divided by 143.
9
What is the remainder when 69689 is divided by 39?
35
What is the remainder when 2357 is divided by 198?
179
What is the remainder when 138414 is divided by 168?
150
Calculate the remainder when 2545 is divided by 421.
19
Calculate the remainder when 1404 is divided by 471.
462
What is the remainder when 27319 is divided by 781?
765
What is the remainder when 348205 is divided by 1153?
1152
Calculate the remainder when 1361 is divided by 354.
299
What is the remainder when 311635 is divided by 318?
313
Calculate the remainder when 6552 is divided by 3253.
46
What is the remainder when 35370 is divided by 66?
60
Calculate the remainder when 1138947 is divided by 34.
15
Calculate the remainder when 2173445 is divided by 158.
155
Calculate the remainder when 6785 is divided by 14.
9
Calculate the remainder when 1175458 is divided by 143.
141
Calculate the remainder when 1830389 is divided by 15.
14
Calculate the remainder when 1099 is divided by 299.
202
What is the remainder when 3325 is divided by 208?
205
Calculate the remainder when 827 is divided by 155.
52
Calculate the remainder when 3054505 is divided by 14.
13
What is the remainder when 45020 is divided by 4?
0
Calculate the remainder when 5338 is divided by 6.
4
Calculate the remainder when 205138 is divided by 442.
50
What is the remainder when 1310 is divided by 650?
10
Calculate the remainder when 98488 is divided by 12310.
8
Calculate the remainder when 394581 is divided by 35870.
11
Calculate the remainder when 85900 is divided by 309.
307
What is the remainder when 27588 is divided by 58?
38
What is the remainder when 43726 is divided by 43684?
42
Calculate the remainder when 21239 is divided by 291.
287
What is the remainder when 898658 is divided by 7?
5
Calculate the remainder when 2584 is divided by 184.
8
What is the remainder when 4604 is divided by 65?
54
What is the remainder when 132 is divided by 49?
34
What is the remainder when 12371 is divided by 1540?
51
Calculate the remainder when 145142 is divided by 455.
452
Calculate the remainder when 2886 is divided by 98.
44
Calculate the remainder when 1027080 is divided by 540.
0
What is the remainder when 19533 is divided by 88?
85
Calculate the remainder when 6878 is divided by 3410.
58
What is the remainder when 391 is divided by 134?
123
What is the remainder when 3792 is divided by 898?
200
What is the remainder when 5484 is divided by 5270?
214
What is the remainder when 193201 is divided by 8780?
41
Calculate the remainder when 250470 is divided by 493.
26
Calculate the remainder when 60564 is divided by 452.
448
What is the remainder when 7802 is divided by 169?
28
Calculate the remainder when 4091 is divided by 132.
131
What is the remainder when 1249707 is divided by 1155?
1152
What is the remainder when 23834 is divided by 214?
80
What is the remainder when 1212 is divided by 1044?
168
Calculate the remainder when 509635 is divided by 71.
68
Calculate the remainder when 60038 is divided by 20011.
5
Calculate the remainder when 171974 is divided by 171910.
64
Calculate the remainder when 6322 is divided by 3151.
20
Calculate the remainder when 160375 is divided by 178.
175
Calculate the remainder when 4606 is divided by 229.
26
Calculate the remainder when 244040 is divided by 36.
32
What is the remainder when 9797 is divided by 870?
227
Calculate the remainder when 20035 is divided by 4981.
111
What is the remainder when 2231 is divided by 596?
443
Calculate the remainder when 1634719 is divided by 272.
271
Calculate the remainder when 1561 is divided by 89.
48
Calculate the remainder when 4200 is divided by 850.
800
Calculate the remainder when 88315 is divided by 1147.
1143
What is the remainder when 10668 is divided by 165?
108
Calculate the remainder when 1263108 is divided by 69.
63
Calculate the remainder when 24724 is divided by 8234.
22
Calculate the remainder when 30094 is divided by 698.
80
Calculate the remainder when 2941 is divided by 587.
6
Calculate the remainder when 22104 is divided by 7.
5
Calculate the remainder when 68333 is divided by 147.
125
Calculate the remainder when 43994 is divided by 564.
2
Calculate the remainder when 60552 is divided by 904.
888
What is the remainder when 812 is divided by 511?
301
What is the remainder when 950 is divided by 37?
25
Calculate the remainder when 588586 is divided by 78.
76
Calculate the remainder when 96913 is divided by 195.
193
Calculate the remainder when 115 is divided by 83.
32
What is the remainder when 45620 is divided by 338?
328
What is the remainder when 12783 is divided by 90?
3
Calculate the remainder when 28021 is divided by 8.
5
What is the remainder when 1853 is divided by 581?
110
What is the remainder when 35773 is divided by 25?
23
What is the remainder when 21998 is divided by 40?
38
Calculate the remainder when 109923 is divided by 558.
555
Calculate the remainder when 3783 is divided by 765.
723
What is the remainder when 1753 is divided by 411?
109
Calculate the remainder when 138806 is divided by 771.
26
What is the remainder when 1248 is divided by 209?
203
Calculate the remainder when 51476 is divided by 578.
34
Calculate the remainder when 18331 is divided by 375.
331
Calculate the remainder when 8197 is divided by 94.
19
What is the remainder when 17443 is divided by 388?
371
Calculate the remainder when 54141 is divided by 173.
165
What is the remainder when 621656 is divided by 621649?
7
Calculate the remainder when 48314 is divided by 12077.
6
Calculate the remainder when 164358 is divided by 62.
58
What is the remainder when 14680784 is divided by 19?
16
Calculate the remainder when 484000 is divided by 191.
6
What is the remainder when 969 is divided by 6?
3
Calculate the remainder when 50319 is divided by 79.
75
Calculate the remainder when 223521 is divided by 459.
447
Calculate the remainder when 117576 is divided by 33.
30
Calculate the remainder when 5809 is divided by 17.
12
What is the remainder when 2441 is divided by 23?
3
What is the remainder when 13273 is divided by 2619?
178
What is the remainder when 194656 is divided by 38922?
46
What is the remainder when 20384 is divided by 6775?
59
Calculate the remainder when 134397 is divided by 320.
317
What is the remainder when 437 is divided by 143?
8
What is the remainder when 924 is divided by 476?
448
What is the remainder when 142498 is divided by 12?
10
What is the remainder when 39133 is divided by 64?
29
Calculate the remainder when 10630 is divided by 3511.
97
Calculate the remainder when 36445 is divided by 268.
265
What is the remainder when 5922 is divided by 365?
82
Calculate the remainder when 382791 is divided by 7.
3
Wh